is the tens digit of 699204?
0
What is the tens digit of 12432561?
6
What is the ten thousands digit of 119848?
1
What is the tens digit of 7588496?
9
What is the hundred thousands digit of 338569?
3
What is the hundreds digit of 18546768?
7
What is the thousands digit of 893284?
3
What is the hundreds digit of 4857827?
8
What is the hundreds digit of 235035?
0
What is the units digit of 30469?
9
What is the units digit of 2374226?
6
What is the ten thousands digit of 224674?
2
What is the thousands digit of 72192?
2
What is the ten thousands digit of 215736?
1
What is the hundred thousands digit of 1236450?
2
What is the ten thousands digit of 379809?
7
What is the tens digit of 2419454?
5
What is the units digit of 6434480?
0
What is the hundreds digit of 279613?
6
What is the thousands digit of 2450641?
0
What is the hundreds digit of 765834?
8
What is the ten thousands digit of 60877?
6
What is the tens digit of 11866807?
0
What is the millions digit of 1160118?
1
What is the ten thousands digit of 3057530?
5
What is the hundreds digit of 1514513?
5
What is the hundred thousands digit of 489452?
4
What is the units digit of 5226208?
8
What is the units digit of 2202370?
0
What is the thousands digit of 2700489?
0
What is the thousands digit of 483536?
3
What is the hundreds digit of 1110072?
0
What is the hundreds digit of 30299?
2
What is the millions digit of 1194773?
1
What is the millions digit of 36304493?
6
What is the ten thousands digit of 5265366?
6
What is the tens digit of 1372289?
8
What is the ten thousands digit of 45685?
4
What is the hundred thousands digit of 4719706?
7
What is the ten thousands digit of 6582722?
8
What is the thousands digit of 109243?
9
What is the ten thousands digit of 443442?
4
What is the units digit of 193367?
7
What is the hundreds digit of 2056132?
1
What is the hundred thousands digit of 2171709?
1
What is the ten millions digit of 18666912?
1
What is the hundred thousands digit of 119016?
1
What is the tens digit of 533?
3
What is the hundred thousands digit of 1141195?
1
What is the ten thousands digit of 410050?
1
What is the hundred thousands digit of 8765228?
7
What is the hundreds digit of 56281?
2
What is the ten thousands digit of 32256013?
5
What is the tens digit of 1307368?
6
What is the millions digit of 7145383?
7
What is the hundred thousands digit of 585890?
5
What is the ten millions digit of 30699093?
3
What is the hundreds digit of 1467598?
5
What is the thousands digit of 6874945?
4
What is the ten thousands digit of 7720419?
2
What is the hundreds digit of 2803019?
0
What is the ten thousands digit of 2470344?
7
What is the ten thousands digit of 353197?
5
What is the hundred thousands digit of 1200575?
2
What is the thousands digit of 146739?
6
What is the tens digit of 27937?
3
What is the ten thousands digit of 2650421?
5
What is the ten thousands digit of 9731103?
3
What is the hundreds digit of 370175?
1
What is the hundred thousands digit of 398627?
3
What is the tens digit of 11151891?
9
What is the thousands digit of 202863?
2
What is the hundred thousands digit of 399320?
3
What is the thousands digit of 4884978?
4
What is the tens digit of 344236?
3
What is the hundred thousands digit of 24828731?
8
What is the hundreds digit of 448296?
2
What is the tens digit of 11135423?
2
What is the hundred thousands digit of 1820541?
8
What is the hundred thousands digit of 131321?
1
What is the hundred thousands digit of 982390?
9
What is the thousands digit of 273248?
3
What is the hundreds digit of 862374?
3
What is the tens digit of 32659?
5
What is the thousands digit of 1084019?
4
What is the units digit of 582887?
7
What is the ten thousands digit of 234439?
3
What is the tens digit of 655990?
9
What is the units digit of 1219874?
4
What is the units digit of 28026357?
7
What is the hundred thousands digit of 547099?
5
What is the thousands digit of 273798?
3
What is the ten thousands digit of 3944972?
4
What is the hundreds digit of 994836?
8
What is the thousands digit of 65460?
5
What is the millions digit of 1369732?
1
What is the millions digit of 2563835?
2
What is the thousands digit of 22743249?
3
What is the tens digit of 276635?
3
What is the units digit of 6182301?
1
What is the hundreds digit of 5370719?
7
What is the ten thousands digit of 22261995?
6
What is the thousands digit of 13347803?
7
What is the ten thousands digit of 206601?
0
What is the units digit of 676154?
4
What is the hundreds digit of 57022?
0
What is the ten thousands digit of 73194?
7
What is the units digit of 220698?
8
What is the units digit of 1124319?
9
What is the units digit of 987?
7
What is the ten thousands digit of 292144?
9
What is the hundred thousands digit of 429276?
4
What is the hundred thousands digit of 127848?
1
What is the hundreds digit of 428231?
2
What is the units digit of 2023693?
3
What is the tens digit of 9844898?
9
What is the hundreds digit of 4087749?
7
What is the tens digit of 4047600?
0
What is the millions digit of 4134213?
4
What is the hundred thousands digit of 846321?
8
What is the units digit of 127046?
6
What is the thousands digit of 45014?
5
What is the hundred thousands digit of 690602?
6
What is the millions digit of 2174579?
2
What is the units digit of 4482659?
9
What is the units digit of 404554?
4
What is the tens digit of 2430883?
8
What is the thousands digit of 6009550?
9
What is the hundred thousands digit of 12829115?
8
What is the ten thousands digit of 2939365?
3
What is the hundreds digit of 1175269?
2
What is the millions digit of 20984872?
0
What is the hundred thousands digit of 195358?
1
What is the ten thousands digit of 197872?
9
What is the ten thousands digit of 702204?
0
What is the ten thousands digit of 1429516?
2
What is the thousands digit of 85020?
5
What is the hundred thousands digit of 22455080?
4
What is the thousands digit of 634752?
4
What is the hundred thousands digit of 1454619?
4
What is the hundred thousands digit of 203317?
2
What is the units digit of 146352?
2
What is the thousands digit of 74080?
4
What is the thousands digit of 2707316?
7
What is the hundred thousands digit of 303048?
3
What is the units digit of 18423039?
9
What is the ten thousands digit of 73618?
7
What is the ten thousands digit of 522111?
2
What is the millions digit of 21695424?
1
What is the hundreds digit of 88908?
9
What is the units digit of 442586?
6
What is the millions digit of 3668295?
3
What is the ten thousands digit of 5724154?
2
What is the ten thousands digit of 6806457?
0
What is the hundreds digit of 280784?
7
What is the ten thousands digit of 268249?
6
What is the tens digit of 13505163?
6
What is the ten thousands digit of 9864287?
6
What is the hundreds digit of 217994?
9
What is the hundred thousands digit of 6041830?
0
What is the millions digit of 1766454?
1
What is the tens digit of 3577737?
3
What is the ten thousands digit of 28052?
2
What is the hundred thousands digit of 3619663?
6
What is the ten thousands digit of 12845167?
4
What is the thousands digit of 4988098?
8
What is the ten thousands digit of 543431?
4
What is the millions digit of 1401534?
1
What is the hundreds digit of 140232?
2
What is the hundred thousands digit of 4736525?
7
What is the units digit of 22950849?
9
What is the millions digit of 1097893?
1
What is the ten thousands digit of 88222?
8
What is the hundred thousands digit of 170549?
1
What is the ten thousands digit of 590709?
9
What is the units digit of 3343217?
7
What is the units digit of 3103702?
2
What is the tens digit of 669798?
9
What is the hundreds digit of 21520796?
7
What is the ten thousands digit of 26847448?
4
What is the ten thousands digit of 185642?
8
What is the units digit of 12593577?
7
What is the hundreds digit of 1682952?
9
What is the hundreds digit of 305728?
7
What is the tens digit of 756104?
0
What is the tens digit of 198382?
8
What is the thousands digit of 1487091?
7
What is the tens digit of 2207828?
2
What is the units digit of 574658?
8
What is the tens digit of 634180?
8
What is the tens digit of 710581?
8
What is the hundred thousands digit of 953526?
9
What is the thousands digit of 54363?
4
What is the ten millions digit of 1408604